common factor of 3082 and 529?
23
Calculate the greatest common divisor of 2 and 25538.
2
What is the greatest common factor of 2814 and 102?
6
Calculate the greatest common divisor of 34 and 358156.
34
Calculate the greatest common factor of 12384 and 32121.
387
Calculate the highest common factor of 110436 and 504.
12
Calculate the highest common factor of 19984 and 9008.
16
Calculate the highest common divisor of 192304 and 896.
112
Calculate the greatest common factor of 133 and 651491.
19
Calculate the greatest common factor of 494640 and 687.
687
Calculate the highest common factor of 67680 and 3528.
72
What is the greatest common factor of 9113 and 131788?
701
What is the greatest common divisor of 18765 and 401710?
695
What is the highest common divisor of 27145 and 4880?
305
Calculate the greatest common divisor of 281288 and 56.
56
What is the greatest common factor of 6112977 and 1599?
1599
Calculate the greatest common factor of 24 and 244164.
12
Calculate the greatest common divisor of 24600 and 3200.
200
What is the greatest common divisor of 157216 and 21386?
578
What is the greatest common divisor of 23571 and 194?
97
What is the greatest common divisor of 2603985 and 15?
15
What is the greatest common factor of 3626 and 18907?
259
Calculate the highest common divisor of 11877 and 35853.
111
Calculate the highest common factor of 240836 and 4.
4
Calculate the greatest common factor of 5426470 and 70.
70
Calculate the greatest common factor of 88 and 668.
4
What is the greatest common divisor of 58695 and 208?
13
What is the highest common factor of 1274 and 4862?
26
Calculate the greatest common divisor of 551388 and 144.
12
Calculate the greatest common divisor of 16 and 44168.
8
What is the highest common divisor of 59145 and 45?
15
Calculate the highest common factor of 12 and 3256.
4
Calculate the highest common divisor of 99 and 20757.
33
Calculate the highest common divisor of 10682 and 43600.
218
What is the greatest common divisor of 80 and 111008?
16
Calculate the greatest common factor of 35690 and 28810.
430
Calculate the greatest common divisor of 1360 and 3995.
85
Calculate the highest common factor of 1132 and 1891006.
566
Calculate the greatest common divisor of 595055 and 2135.
305
Calculate the greatest common divisor of 4033728 and 1152.
576
Calculate the greatest common divisor of 2264 and 8.
8
What is the greatest common factor of 2130 and 17130?
30
What is the highest common factor of 57433 and 34169?
727
What is the greatest common factor of 117968 and 9928?
584
Calculate the highest common divisor of 230 and 187565.
115
What is the greatest common factor of 5234614 and 4389?
1463
What is the greatest common divisor of 3231 and 2961?
9
What is the greatest common factor of 90 and 3291390?
90
Calculate the highest common factor of 25920 and 14985.
405
Calculate the greatest common divisor of 2065 and 215.
5
Calculate the highest common divisor of 804 and 1844376.
804
Calculate the greatest common factor of 1157113 and 158.
79
What is the greatest common divisor of 132 and 62028?
12
What is the highest common divisor of 441057 and 711?
237
Calculate the greatest common factor of 1088613 and 2898.
207
Calculate the greatest common divisor of 480 and 15510.
30
What is the greatest common divisor of 3281 and 595?
17
What is the greatest common factor of 485237 and 2?
1
What is the greatest common divisor of 6 and 528540?
6
Calculate the highest common divisor of 280 and 471800.
280
Calculate the highest common factor of 85918 and 1428.
238
Calculate the greatest common divisor of 212 and 682693.
53
What is the highest common divisor of 164680 and 45080?
920
What is the greatest common divisor of 147 and 25851?
21
Calculate the highest common factor of 5696 and 896.
64
Calculate the highest common factor of 2228320 and 10.
10
Calculate the highest common factor of 263250 and 390.
390
Calculate the highest common divisor of 9 and 99075.
3
Calculate the highest common divisor of 30 and 1227810.
30
What is the greatest common factor of 65 and 30095?
65
What is the greatest common factor of 749631 and 79?
79
Calculate the highest common divisor of 585121 and 1465.
293
Calculate the greatest common factor of 330 and 6622.
22
Calculate the greatest common divisor of 6572 and 90.
2
Calculate the greatest common divisor of 2390 and 3980.
10
What is the highest common factor of 1035 and 72864?
207
Calculate the greatest common factor of 637758 and 198.
198
What is the highest common divisor of 5038141 and 29?
29
What is the highest common divisor of 17908 and 15488?
484
Calculate the greatest common divisor of 455 and 752635.
65
What is the greatest common factor of 6442723 and 1673?
1673
What is the highest common factor of 77345 and 155?
155
What is the greatest common factor of 2 and 1407343?
1
Calculate the greatest common factor of 73 and 7897067.
73
What is the greatest common divisor of 339998 and 4042?
94
Calculate the highest common divisor of 104165 and 4565.
415
Calculate the highest common divisor of 370927 and 218.
109
What is the highest common factor of 15471 and 37627?
191
What is the highest common divisor of 8 and 369100?
4
What is the highest common factor of 2278226 and 6286?
898
What is the highest common factor of 1379779 and 217?
31
Calculate the highest common divisor of 4094206 and 1772.
886
What is the highest common divisor of 715 and 3835?
65
Calculate the greatest common factor of 10 and 258305.
5
Calculate the highest common factor of 98882 and 1127.
49
What is the greatest common factor of 29184 and 60876?
228
What is the greatest common factor of 35 and 4280?
5
What is the highest common divisor of 2996699 and 19?
19
What is the greatest common factor of 1930 and 16598?
386
What is the highest common divisor of 14146 and 4?
2
Calculate the greatest common factor of 33 and 159577.
11
Calculate the greatest common divisor of 3022 and 1566.
2
What is the greatest common divisor of 183731 and 2348?
587
What is the highest common divisor of 82453 and 7?
7
What is the greatest common factor of 387 and 146802?
129
Calculate the greatest common divisor of 5817 and 189.
21
Calculate the highest common factor of 977 and 5704703.
977
What is the greatest common divisor of 6813 and 282361?
757
What is the greatest common divisor of 575145 and 27?
9
What is the greatest common divisor of 49934 and 2?
2
Calculate the highest common factor of 588 and 69580.
196
What is the greatest common divisor of 32790 and 330?
30
What is the greatest common factor of 127 and 3165221?
127
What is the highest common divisor of 9 and 102177?
9
What is the highest common divisor of 168 and 25080?
24
Calculate the greatest common divisor of 3587310 and 1035.
1035
What is the highest common factor of 9584 and 294708?
2396
What is the highest common divisor of 136 and 1272008?
136
What is the highest common factor of 1505 and 952364?
301
Calculate the highest common divisor of 50 and 43370.
10
Calculate the greatest common divisor of 35 and 78295.
35
What is the highest common factor of 18696 and 36?
12
What is the greatest common divisor of 17125 and 8905?
685
What is the highest common factor of 10573 and 26?
1
What is the highest common divisor of 9153 and 162?
81
What is the greatest common divisor of 390758 and 752?
94
Calculate the highest common factor of 16337 and 120683.
527
Calculate the highest common divisor of 2368 and 6272.
64
Calculate the greatest common divisor of 34 and 13159.
1
Calculate the highest common divisor of 164365 and 710.
355
What is the highest common divisor of 17853 and 33?
33
Calculate the highest common divisor of 106590 and 19.
19
Calculate the highest common divisor of 17820 and 387.
9
Calculate the greatest common divisor of 7399 and 357.
7
Calculate the highest common divisor of 335 and 160.
5
Calculate the highest common factor of 40 and 77320.
40
Calculate the highest common divisor of 51 and 7853.
1
Calculate the highest common factor of 1666 and 2278.
34
What is the highest common factor of 6415 and 60?
5
Calculate the greatest common divisor of 69426 and 630.
126
Calculate the highest common factor of 61 and 571.
1
Calculate the highest common factor of 1508 and 40183.
13
Wha